or of v and m?
8
Suppose 0 = -16*n - 2826 - 678. Let z = -198 - n. Suppose r = 2*r - 7. Calculate the highest common divisor of z and r.
7
Let w = -469 + -46. Let l = -359 - w. Calculate the highest common factor of l and 48.
12
Suppose 2175 = 4*n + 45*c - 40*c, -4*n - 6*c + 2182 = 0. Calculate the greatest common divisor of n and 5.
5
Suppose -v - 67008 = -3*k, k + 166*v = 167*v + 22330. What is the highest common divisor of 251 and k?
251
Suppose 47 - 71 = -2*p. Let x be ((-4)/3)/((-2)/p). Calculate the greatest common divisor of x and 6.
2
Let n = -812 - -819. What is the highest common divisor of n and 91?
7
Suppose 5*k - 5 = 0, 0 = 3*a - 5*k - 9 + 332. Let o be (113 - 4) + (0 - 4)/(-4). Let r = a + o. What is the greatest common divisor of r and 4?
4
Let x = 23877 - 23809. Suppose 3*o - 162 = 195. Calculate the highest common divisor of x and o.
17
Let c = 1593 + -1267. Calculate the highest common divisor of 6 and c.
2
Suppose 5*x - 6 = 3*d + 3, 3*d + 3 = 3*x. Suppose -5*s + 5*o = 7*o - 283, 4*s = d*o + 230. Calculate the highest common divisor of s and 38.
19
Let t be 631 + -6 + 17 + -14. Calculate the greatest common factor of t and 157.
157
Let l = 59 + -3. Let k = l - 45. What is the highest common divisor of 33 and k?
11
Let m be 197 + 85/17 - -16. What is the highest common divisor of m and 27904?
218
Let f(o) = -9*o**3 - 1. Suppose 3 = -q - 2*k - 0*k, 2*k + 6 = -4*q. Let j be f(q). Let x = -394 - -395. What is the highest common factor of j and x?
1
Let b = -310 - -464. Let f(k) = -17*k + 223. Let m be f(9). Calculate the highest common divisor of m and b.
14
Suppose 12 = n - 2*s + 5*s, -s = -2. What is the greatest common factor of 12 and n?
6
Suppose 264*c - 288*c = -360048. What is the greatest common factor of c and 13?
13
Suppose -3*q + 10*u = 7*u - 45, -3*u = -q + 17. Let d = 447 + -443. Calculate the highest common factor of q and d.
2
Suppose 0 = 2*t - 6*t - 2*n + 12, 0 = -3*t - 5*n + 23. Let i = t - -16. Calculate the highest common divisor of i and 425.
17
Let w(d) = 50*d**3 + 2*d**2 + 7*d - 16. Let t be w(2). Let a = t - -14. Calculate the greatest common factor of a and 180.
60
Suppose 24 = -f - 5*r, -3*r + 6 - 22 = -f. Let l be (297/3 - -1) + f. Calculate the greatest common factor of 1717 and l.
101
Suppose 210 = 5*x + 5*h, -h = -x + 134 - 88. Suppose -3193 + 773 = -5*c. Calculate the greatest common factor of c and x.
44
Suppose 3*p + 60592 = 3*v + 181969, -4*v + 121328 = 3*p. What is the greatest common factor of p and 24?
12
Let h be 19/(95/200) + (-10)/(-2). Suppose -h*d + 12*d + 924 = 0. What is the greatest common divisor of d and 35?
7
Suppose 87*y - 1590 - 1020 = 0. Suppose 3*m + 7 = 124. Suppose -m = -4*b + 2*h + 193, h = 4. Calculate the greatest common divisor of y and b.
30
Let i be (-64 - -372)*((-14)/(-6))/((-1)/(-6)). Calculate the highest common factor of i and 84.
28
Let v(h) = h**3 + 14*h**2 - 3*h - 28. Let f be v(-14). Let y(s) = -17 + s + f*s - 13*s. Let z be y(16). Calculate the greatest common divisor of 30 and z.
15
Let w = 16483 + -16283. What is the highest common factor of 2525 and w?
25
Suppose 234*c - 32412 = 15*c. Calculate the greatest common divisor of 1702 and c.
74
Let h = 1994 - 1550. Calculate the greatest common divisor of h and 96.
12
Suppose -7 = 3*d - 7, -15*s = -2*d - 2505. Calculate the highest common factor of s and 2839.
167
Suppose -h = -2*h + 1, 4*y = h + 407. Let x = -38 + y. Let d be -4 - (378/(-63) + (-7)/(14/12)). What is the highest common factor of d and x?
8
Let b(j) = -316*j - 196. Let h be b(-4). What is the highest common divisor of h and 12?
12
Let o = -353 + 533. What is the highest common factor of 33 and o?
3
Suppose -3*t + 1717*y - 1712*y = -1045, 2*t = -y + 727. Calculate the highest common factor of 3330 and t.
90
Let c be (-16)/(-6) + -2 + 80/15. Suppose -v = 2*v - c. Suppose -3*z + v*r + 53 = 0, 5*r + 33 = 2*z - 17. Calculate the highest common factor of 165 and z.
15
Suppose -26 - 14 = -5*f. Suppose 0 = f*a - 5*a - 45. Suppose 33 + a = 8*q. What is the highest common divisor of 18 and q?
6
Suppose -3*t = -n + 23 - 93, -92 = -4*t + 2*n. Suppose 0 = -4*g + 3*f + 186, 2 = -f + 4. What is the highest common divisor of t and g?
24
Let i = -43 + 92. Let b = 52 - i. Let u(x) = 46*x + 15. Let a be u(b). What is the highest common divisor of 17 and a?
17
Let y be 6/(1*4/8). Let d = -161 - -194. Suppose -n - 4*o = -80, d = 3*n + 3*o - 162. Calculate the greatest common factor of y and n.
12
Suppose u - h + 6*h = 135, 312 = 2*u - 4*h. Let k(c) = 2*c**2 + 4*c - 23. Let v be k(-11). What is the highest common divisor of v and u?
25
Suppose 196 = 3*v + 3*u - 29, -4*u = -3*v + 204. What is the greatest common divisor of v and 1044?
36
Let u(y) = 2*y**3 + 99*y**2 - 57*y - 331. Let l be u(-50). Let s = 29 - -28. What is the highest common divisor of s and l?
19
Let z = -7715 - -9635. Calculate the greatest common divisor of 130 and z.
10
Suppose 5*l - 4*h - 400 = 0, -4*l + h = -7*l + 257. Let s be ((-27)/(-18))/(1/14). What is the greatest common divisor of s and l?
21
Let t(n) = 6*n**2 - 7*n - 33. Let j be t(-4). Suppose -2*y = -5*y + 2*q + 80, 3*y = -3*q + 75. Calculate the highest common factor of j and y.
13
Suppose 0 = -d + 2*d - 2*x - 636, -4*d = 5*x - 2531. Let l = -1119 + d. Let m = -199 - l. What is the greatest common factor of m and 26?
26
Suppose 5*s = 621 + 229. Let i = 75 - 72. Suppose k - 46 = i*n, 60 = 2*k + n + n. Calculate the greatest common divisor of s and k.
34
Suppose -s - 1122 = -3*w + 3505, -w + 1568 = -4*s. Calculate the highest common factor of 84 and w.
28
Let t = 13487 + -13399. What is the greatest common factor of t and 1639?
11
Let k be 2 - -1 - ((5 - -2) + 3). Let n be -2 - 0/(-4) - k. Suppose 0*s + n*s = 80. Calculate the greatest common factor of s and 48.
16
Let v(s) = -71*s + 2. Let p be v(-4). Let y(n) = -59*n - 320. Let d be y(-3). Let c = d + p. What is the greatest common divisor of c and 13?
13
Suppose 77729 - 241062 = -51*u + 130784. Calculate the greatest common divisor of u and 73.
73
Let m = -1813 + 1837. Calculate the greatest common divisor of m and 34.
2
Let k be 1/((-10773)/770 + 14). Calculate the highest common factor of 1430 and k.
110
Suppose 4*n = 2*k - 45776, 2*k + 7*n - 45786 = 6*n. Calculate the highest common divisor of 59 and k.
59
Suppose 5*s = 13*t - 8*t + 780, -6*t = 2*s - 264. What is the highest common factor of 750 and s?
150
Suppose -2*h - 2*h + 920 = 0. Suppose 2*p - 134 = h. Let i = -926 - -952. Calculate the greatest common factor of p and i.
26
Suppose -5*o - 3*h + 1770 = 0, 25*h = -2*o + 26*h + 697. Calculate the highest common divisor of 108 and o.
27
Suppose 4*w = -4*w + 40. Suppose 0*c - 2*m = 2*c + 4, -4*m = w*c + 12. Let f(k) = -4*k - 10. Let o be f(c). What is the greatest common factor of o and 6?
6
Let z(m) = -m**3 + 18*m**2 - 23*m - 6. Suppose 5 = 24*i - 23*i - 5*q, -3*q = -6. Let d be z(i). What is the greatest common factor of 24 and d?
12
Let x be (28902/15 + 9)*5 + 9. What is the greatest common factor of x and 24?
8
Suppose 0 = 16*t - 43*t + 9828. What is the highest common divisor of t and 1976?
52
Let t(s) = -5*s**2 + 28*s - 13. Let g be t(5). Suppose -7*r + o + 13 = -2*r, -16 = -g*r + 4*o. What is the greatest common factor of 8 and r?
2
Let u be (-10)/(-25) - (-6)/(-15). Suppose -3*b + u*b - 20 = -k, -3*b - 40 = -5*k. Let t be -3 - (1 - 1 - k). What is the greatest common factor of t and 20?
2
Let n(z) = -24*z. Let a be (-1)/((-5)/4)*30/(-12). Let u(g) = 48*g. Let j(c) = a*u(c) - 5*n(c). Let w be j(13). What is the highest common factor of 39 and w?
39
Let i = 37 - 28. Let l = i - 1. Let h = -84 - -116. Calculate the greatest common divisor of h and l.
8
Let g = 20699 + -19958. What is the highest common factor of 416 and g?
13
Let g = 384 + -386. Let z(o) = 13*o**2 + o + 1. Let c be z(g). Suppose -3*a + 68 = a. Calculate the greatest common factor of c and a.
17
Suppose 2*a - 113*u + 117*u - 52 = 0, -116 = -4*a + 4*u. Calculate the greatest common factor of a and 3206.
14
Suppose -268 = -5*n + 4*i, -2*i + 1 = 5. Let z = -160 + n. Let d = 117 + z. What is the greatest common factor of d and 99?
9
Let b(a) = -26*a - 32. Let k be b(-4). Suppose -135*n = -139*n + k. Calculate the